{"id":1050,"date":"2024-01-09T17:24:15","date_gmt":"2024-01-09T09:24:15","guid":{"rendered":"http:\/\/pt.xamanoenergy.com\/?post_type=product&#038;p=1050"},"modified":"2024-01-15T10:12:17","modified_gmt":"2024-01-15T02:12:17","slug":"small-laboratory-hydrogen-production-equipment","status":"publish","type":"product","link":"http:\/\/pt.xamanoenergy.com\/index.php\/product\/small-laboratory-hydrogen-production-equipment\/","title":{"rendered":"Small laboratory hydrogen production equipment"},"content":{"rendered":"<p><img fetchpriority=\"high\" decoding=\"async\" class=\"alignleft wp-image-1052 size-medium\" src=\"http:\/\/pt.xamanoenergy.com\/wp-content\/uploads\/2024\/01\/\u56fe\u72473-2-225x300.png\" alt=\"\" width=\"225\" height=\"300\" \/><\/p>\n<p><img decoding=\"async\" class=\"alignnone wp-image-1054 size-medium\" src=\"http:\/\/pt.xamanoenergy.com\/wp-content\/uploads\/2024\/01\/\u56fe\u72474-1-243x300.png\" alt=\"\" width=\"243\" height=\"300\" srcset=\"http:\/\/pt.xamanoenergy.com\/wp-content\/uploads\/2024\/01\/\u56fe\u72474-1-243x300.png 243w, http:\/\/pt.xamanoenergy.com\/wp-content\/uploads\/2024\/01\/\u56fe\u72474-1-600x742.png 600w, http:\/\/pt.xamanoenergy.com\/wp-content\/uploads\/2024\/01\/\u56fe\u72474-1-828x1024.png 828w, http:\/\/pt.xamanoenergy.com\/wp-content\/uploads\/2024\/01\/\u56fe\u72474-1-768x950.png 768w, http:\/\/pt.xamanoenergy.com\/wp-content\/uploads\/2024\/01\/\u56fe\u72474-1.png 1030w\" sizes=\"(max-width: 243px) 100vw, 243px\" \/><\/p>\n<p>Hydrogen energy is considered the most promising clean energy of the 21st century and has been widely researched by countries around the world since the<\/p>\n<p>1970s. The small and efficient hydrogen equipment developed by our company can be widely used in universities, schools, scientific research bases, mobile base stations, islands, fishing boats, military field operations, households and other locations.<\/p>\n<p>&nbsp;<\/p>\n<p>Technical parameters<\/p>\n<table width=\"1072\">\n<tbody>\n<tr>\n<td width=\"121\"><b>No.<\/b><\/td>\n<td width=\"290\">Capacity\u00a0m3\/h<\/td>\n<td width=\"233\"><b>Purity<\/b><\/td>\n<td width=\"427\"><b>Power\u00a0consumption\u00a0(DC)<\/b><\/td>\n<\/tr>\n<tr>\n<td width=\"121\">1<\/td>\n<td width=\"290\">2<\/td>\n<td width=\"233\">&gt;99.80%<\/td>\n<td width=\"427\">&lt;5.0<\/td>\n<\/tr>\n<tr>\n<td width=\"121\">2<\/td>\n<td width=\"290\">5<\/td>\n<td width=\"233\">&gt;99.80%<\/td>\n<td width=\"427\">&lt;4.9<\/td>\n<\/tr>\n<tr>\n<td width=\"121\">3<\/td>\n<td width=\"290\">Laboratory-use<\/td>\n<td width=\"233\"><\/td>\n<td width=\"427\"><\/td>\n<\/tr>\n<\/tbody>\n<\/table>\n<p>Our company has tailor-made modular alkaline electrolytic water hydrogen production test platform for domestic famous universities and academician team.<br \/>\nFoco principal na pesquisa da produ\u00e7\u00e3o de hidrog\u00eanio por eletr\u00f3lise de \u00e1gua alcalina, incluindo catalisador, membrana e estrutura do eletrolisador<\/p>\n<p>It is mainly used to study the mechanism of hydrogen production from alkaline electrolytic water (including catalyst, diaphragm and electrolyser structure), to improve the performance of alkaline electrolytic water hydrogen production system, and to study the coupling mechanism between alkaline electrolytic water hydrogen production system and renewable energy system, such as wind and light, in order to realise large-scale electrolytic hydrogen production from renewable energy.<\/p>\n","protected":false},"excerpt":{"rendered":"<p>Hydrogen energy is considered the most promising clean  &hellip;<\/p>\n<p class=\"read-more\"> <a class=\"\" href=\"http:\/\/pt.xamanoenergy.com\/index.php\/product\/small-laboratory-hydrogen-production-equipment\/\"> <span class=\"screen-reader-text\">Small laboratory hydrogen production equipment<\/span> \u67e5\u770b\u5168\u6587 &raquo;<\/a><\/p>\n","protected":false},"featured_media":1051,"template":"","meta":{"site-sidebar-layout":"default","site-content-layout":"","ast-site-content-layout":"default","site-content-style":"default","site-sidebar-style":"default","ast-global-header-display":"","ast-banner-title-visibility":"","ast-main-header-display":"","ast-hfb-above-header-display":"","ast-hfb-below-header-display":"","ast-hfb-mobile-header-display":"","site-post-title":"","ast-breadcrumbs-content":"","ast-featured-img":"","footer-sml-layout":"","theme-transparent-header-meta":"default","adv-header-id-meta":"","stick-header-meta":"","header-above-stick-meta":"","header-main-stick-meta":"","header-below-stick-meta":"","astra-migrate-meta-layouts":"set","ast-page-background-enabled":"default","ast-page-background-meta":{"desktop":{"background-color":"var(--ast-global-color-4)","background-image":"","background-repeat":"repeat","background-position":"center center","background-size":"auto","background-attachment":"scroll","background-type":"","background-media":"","overlay-type":"","overlay-color":"","overlay-gradient":""},"tablet":{"background-color":"","background-image":"","background-repeat":"repeat","background-position":"center center","background-size":"auto","background-attachment":"scroll","background-type":"","background-media":"","overlay-type":"","overlay-color":"","overlay-gradient":""},"mobile":{"background-color":"","background-image":"","background-repeat":"repeat","background-position":"center center","background-size":"auto","background-attachment":"scroll","background-type":"","background-media":"","overlay-type":"","overlay-color":"","overlay-gradient":""}},"ast-content-background-meta":{"desktop":{"background-color":"var(--ast-global-color-5)","background-image":"","background-repeat":"repeat","background-position":"center center","background-size":"auto","background-attachment":"scroll","background-type":"","background-media":"","overlay-type":"","overlay-color":"","overlay-gradient":""},"tablet":{"background-color":"var(--ast-global-color-5)","background-image":"","background-repeat":"repeat","background-position":"center center","background-size":"auto","background-attachment":"scroll","background-type":"","background-media":"","overlay-type":"","overlay-color":"","overlay-gradient":""},"mobile":{"background-color":"var(--ast-global-color-5)","background-image":"","background-repeat":"repeat","background-position":"center center","background-size":"auto","background-attachment":"scroll","background-type":"","background-media":"","overlay-type":"","overlay-color":"","overlay-gradient":""}}},"product_cat":[19],"product_tag":[],"class_list":{"0":"post-1050","1":"product","2":"type-product","3":"status-publish","4":"has-post-thumbnail","6":"product_cat-uncategorized","7":"desktop-align-left","8":"tablet-align-left","9":"mobile-align-left","11":"first","12":"instock","13":"shipping-taxable","14":"product-type-simple"},"_links":{"self":[{"href":"http:\/\/pt.xamanoenergy.com\/index.php\/wp-json\/wp\/v2\/product\/1050","targetHints":{"allow":["GET"]}}],"collection":[{"href":"http:\/\/pt.xamanoenergy.com\/index.php\/wp-json\/wp\/v2\/product"}],"about":[{"href":"http:\/\/pt.xamanoenergy.com\/index.php\/wp-json\/wp\/v2\/types\/product"}],"wp:featuredmedia":[{"embeddable":true,"href":"http:\/\/pt.xamanoenergy.com\/index.php\/wp-json\/wp\/v2\/media\/1051"}],"wp:attachment":[{"href":"http:\/\/pt.xamanoenergy.com\/index.php\/wp-json\/wp\/v2\/media?parent=1050"}],"wp:term":[{"taxonomy":"product_cat","embeddable":true,"href":"http:\/\/pt.xamanoenergy.com\/index.php\/wp-json\/wp\/v2\/product_cat?post=1050"},{"taxonomy":"product_tag","embeddable":true,"href":"http:\/\/pt.xamanoenergy.com\/index.php\/wp-json\/wp\/v2\/product_tag?post=1050"}],"curies":[{"name":"wp","href":"https:\/\/api.w.org\/{rel}","templated":true}]}}